{"id":821,"date":"2023-10-30T11:21:34","date_gmt":"2023-10-30T10:21:34","guid":{"rendered":"https:\/\/artandjurif.com\/?page_id=821"},"modified":"2023-10-30T11:21:35","modified_gmt":"2023-10-30T10:21:35","slug":"declaracio-daccessibilitat","status":"publish","type":"page","link":"https:\/\/artandjurif.com\/ca\/declaracio-daccessibilitat\/","title":{"rendered":"Declaraci\u00f3 d\u2019accessibilitat"},"content":{"rendered":"<div  class='flex_column av-av_one_full-692a56cb27b4036f41891925b87c1c70 av_one_full  avia-builder-el-0  avia-builder-el-no-sibling  first flex_column_div  '     ><section  class='av_textblock_section av-locr2n3r-c79925b2a9532be73a2a9e8e9af49c46 '   itemscope=\"itemscope\" itemtype=\"https:\/\/schema.org\/CreativeWork\" ><div class='avia_textblock'  itemprop=\"text\" ><p>Ergates Tecnologia SL es compromet a fer accessible el vostre lloc web de conformitat amb el <a href=\"https:\/\/www.boe.es\/eli\/es\/rd\/2018\/09\/07\/1112\">Real Decreto 1112\/2018<\/a>, de 7 de setembre, sobre accessibilitat dels llocs web i aplicacions per a dispositius m\u00f2bils del sector p\u00fablic.<\/p>\n<p>Aquesta declaraci\u00f3 d&#8217;accessibilitat s&#8217;aplica a aquest lloc web.<\/p>\n<h2>Situaci\u00f3 de compliment<\/h2>\n<p>Aquest lloc web \u00e9s plenament conforme amb el RD 1112\/2018.<\/p>\n<h2>Contingut no accessible<\/h2>\n<p>El contingut que es recull a continuaci\u00f3 no \u00e9s accessible pel seg\u00fcent:<\/p>\n<p><strong>Manca de conformitat amb el RD 1112\/2018<\/strong><\/p>\n<p>Es poden trobar encara nidaments incorrectes d&#8217;etiquetes.<\/p>\n<p>Podrien haver-hi errors puntuals d&#8217;edici\u00f3 a la p\u00e0gina web.<\/p>\n<p><strong>C\u00e0rrega desproporcionada<\/strong><\/p>\n<p>No s&#8217;aplica.<\/p>\n<h2>Preparaci\u00f3 d&#8217;aquesta declaraci\u00f3 d&#8217;accessibilitat<\/h2>\n<p>Aquesta declaraci\u00f3 ha estat preparada el 05 de maig de 2023.<\/p>\n<p>El m\u00e8tode emprat per preparar la declaraci\u00f3 ha estat una autoavaluaci\u00f3 duta a terme per la pr\u00f2pia empresa.<\/p>\n<h2>Observacions i dades de contacte<\/h2>\n<p>Podeu realitzar comunicacions sobre requisits d&#8217;accessibilitat (article 10.2.a) del RD 1112\/2018) com per exemple:<\/p>\n<ul>\n<li>Informar sobre qualsevol possible incompliment per part d\u2019aquest lloc web.<\/li>\n<li>Transmetre altres dificultats per accedir al contingut.<\/li>\n<li>Formular qualsevol altra consulta o suggeriment de millora relativa a l\u2019accessibilitat del lloc web.<\/li>\n<\/ul>\n<p>A trav\u00e9s del nostre formulari de contacte, per tel\u00e8fon o de manera presencial a la nostra seu.<\/p>\n<p>Les comunicacions, les queixes i les sol\u00b7licituds d&#8217;informaci\u00f3 accessibles seran rebudes i tractades pel nostre equip.<\/p>\n<\/div><\/section><\/div>\n","protected":false},"excerpt":{"rendered":"","protected":false},"author":3,"featured_media":0,"parent":0,"menu_order":0,"comment_status":"closed","ping_status":"closed","template":"","meta":{"inline_featured_image":false,"footnotes":""},"class_list":["post-821","page","type-page","status-publish","hentry"],"yoast_head":"<!-- This site is optimized with the Yoast SEO plugin v25.3 - https:\/\/yoast.com\/wordpress\/plugins\/seo\/ -->\n<title>Declaraci\u00f3 d\u2019accessibilitat - Art and Jurif<\/title>\n<meta name=\"robots\" content=\"index, follow, max-snippet:-1, max-image-preview:large, max-video-preview:-1\" \/>\n<link rel=\"canonical\" href=\"https:\/\/artandjurif.com\/ca\/declaracio-daccessibilitat\/\" \/>\n<meta property=\"og:locale\" content=\"ca_ES\" \/>\n<meta property=\"og:type\" content=\"article\" \/>\n<meta property=\"og:title\" content=\"Declaraci\u00f3 d\u2019accessibilitat - Art and Jurif\" \/>\n<meta property=\"og:url\" content=\"https:\/\/artandjurif.com\/ca\/declaracio-daccessibilitat\/\" \/>\n<meta property=\"og:site_name\" content=\"Art and Jurif\" \/>\n<meta property=\"article:modified_time\" content=\"2023-10-30T10:21:35+00:00\" \/>\n<meta name=\"twitter:card\" content=\"summary_large_image\" \/>\n<meta name=\"twitter:label1\" content=\"Temps estimat de lectura\" \/>\n\t<meta name=\"twitter:data1\" content=\"2 minuts\" \/>\n<script type=\"application\/ld+json\" class=\"yoast-schema-graph\">{\"@context\":\"https:\/\/schema.org\",\"@graph\":[{\"@type\":\"WebPage\",\"@id\":\"https:\/\/artandjurif.com\/ca\/declaracio-daccessibilitat\/\",\"url\":\"https:\/\/artandjurif.com\/ca\/declaracio-daccessibilitat\/\",\"name\":\"Declaraci\u00f3 d\u2019accessibilitat - Art and Jurif\",\"isPartOf\":{\"@id\":\"https:\/\/artandjurif.com\/#website\"},\"datePublished\":\"2023-10-30T10:21:34+00:00\",\"dateModified\":\"2023-10-30T10:21:35+00:00\",\"breadcrumb\":{\"@id\":\"https:\/\/artandjurif.com\/ca\/declaracio-daccessibilitat\/#breadcrumb\"},\"inLanguage\":\"ca\",\"potentialAction\":[{\"@type\":\"ReadAction\",\"target\":[\"https:\/\/artandjurif.com\/ca\/declaracio-daccessibilitat\/\"]}]},{\"@type\":\"BreadcrumbList\",\"@id\":\"https:\/\/artandjurif.com\/ca\/declaracio-daccessibilitat\/#breadcrumb\",\"itemListElement\":[{\"@type\":\"ListItem\",\"position\":1,\"name\":\"Inici\",\"item\":\"https:\/\/artandjurif.com\/ca\/inici\/\"},{\"@type\":\"ListItem\",\"position\":2,\"name\":\"Declaraci\u00f3 d\u2019accessibilitat\"}]},{\"@type\":\"WebSite\",\"@id\":\"https:\/\/artandjurif.com\/#website\",\"url\":\"https:\/\/artandjurif.com\/\",\"name\":\"Art and Jurif\",\"description\":\"Agencia y asesor\u00eda legal para artistas y productoras\",\"potentialAction\":[{\"@type\":\"SearchAction\",\"target\":{\"@type\":\"EntryPoint\",\"urlTemplate\":\"https:\/\/artandjurif.com\/?s={search_term_string}\"},\"query-input\":{\"@type\":\"PropertyValueSpecification\",\"valueRequired\":true,\"valueName\":\"search_term_string\"}}],\"inLanguage\":\"ca\"}]}<\/script>\n<!-- \/ Yoast SEO plugin. -->","yoast_head_json":{"title":"Declaraci\u00f3 d\u2019accessibilitat - Art and Jurif","robots":{"index":"index","follow":"follow","max-snippet":"max-snippet:-1","max-image-preview":"max-image-preview:large","max-video-preview":"max-video-preview:-1"},"canonical":"https:\/\/artandjurif.com\/ca\/declaracio-daccessibilitat\/","og_locale":"ca_ES","og_type":"article","og_title":"Declaraci\u00f3 d\u2019accessibilitat - Art and Jurif","og_url":"https:\/\/artandjurif.com\/ca\/declaracio-daccessibilitat\/","og_site_name":"Art and Jurif","article_modified_time":"2023-10-30T10:21:35+00:00","twitter_card":"summary_large_image","twitter_misc":{"Temps estimat de lectura":"2 minuts"},"schema":{"@context":"https:\/\/schema.org","@graph":[{"@type":"WebPage","@id":"https:\/\/artandjurif.com\/ca\/declaracio-daccessibilitat\/","url":"https:\/\/artandjurif.com\/ca\/declaracio-daccessibilitat\/","name":"Declaraci\u00f3 d\u2019accessibilitat - Art and Jurif","isPartOf":{"@id":"https:\/\/artandjurif.com\/#website"},"datePublished":"2023-10-30T10:21:34+00:00","dateModified":"2023-10-30T10:21:35+00:00","breadcrumb":{"@id":"https:\/\/artandjurif.com\/ca\/declaracio-daccessibilitat\/#breadcrumb"},"inLanguage":"ca","potentialAction":[{"@type":"ReadAction","target":["https:\/\/artandjurif.com\/ca\/declaracio-daccessibilitat\/"]}]},{"@type":"BreadcrumbList","@id":"https:\/\/artandjurif.com\/ca\/declaracio-daccessibilitat\/#breadcrumb","itemListElement":[{"@type":"ListItem","position":1,"name":"Inici","item":"https:\/\/artandjurif.com\/ca\/inici\/"},{"@type":"ListItem","position":2,"name":"Declaraci\u00f3 d\u2019accessibilitat"}]},{"@type":"WebSite","@id":"https:\/\/artandjurif.com\/#website","url":"https:\/\/artandjurif.com\/","name":"Art and Jurif","description":"Agencia y asesor\u00eda legal para artistas y productoras","potentialAction":[{"@type":"SearchAction","target":{"@type":"EntryPoint","urlTemplate":"https:\/\/artandjurif.com\/?s={search_term_string}"},"query-input":{"@type":"PropertyValueSpecification","valueRequired":true,"valueName":"search_term_string"}}],"inLanguage":"ca"}]}},"_links":{"self":[{"href":"https:\/\/artandjurif.com\/ca\/wp-json\/wp\/v2\/pages\/821","targetHints":{"allow":["GET"]}}],"collection":[{"href":"https:\/\/artandjurif.com\/ca\/wp-json\/wp\/v2\/pages"}],"about":[{"href":"https:\/\/artandjurif.com\/ca\/wp-json\/wp\/v2\/types\/page"}],"author":[{"embeddable":true,"href":"https:\/\/artandjurif.com\/ca\/wp-json\/wp\/v2\/users\/3"}],"replies":[{"embeddable":true,"href":"https:\/\/artandjurif.com\/ca\/wp-json\/wp\/v2\/comments?post=821"}],"version-history":[{"count":1,"href":"https:\/\/artandjurif.com\/ca\/wp-json\/wp\/v2\/pages\/821\/revisions"}],"predecessor-version":[{"id":822,"href":"https:\/\/artandjurif.com\/ca\/wp-json\/wp\/v2\/pages\/821\/revisions\/822"}],"wp:attachment":[{"href":"https:\/\/artandjurif.com\/ca\/wp-json\/wp\/v2\/media?parent=821"}],"curies":[{"name":"wp","href":"https:\/\/api.w.org\/{rel}","templated":true}]}}

Declaració d’accessibilitat

<div  class='flex_column av-av_one_full-692a56cb27b4036f41891925b87c1c70 av_one_full  avia-builder-el-0  avia-builder-el-no-sibling  first flex_column_div  '     ><section  class='av_textblock_section av-locr2n3r-c79925b2a9532be73a2a9e8e9af49c46 '   itemscope="itemscope" itemtype="https://schema.org/CreativeWork" ><div class='avia_textblock'  itemprop="text" ><p>Ergates Tecnologia SL es compromet a fer accessible el vostre lloc web de conformitat amb el <a href="https://www.boe.es/eli/es/rd/2018/09/07/1112">Real Decreto 1112/2018</a>, de 7 de setembre, sobre accessibilitat dels llocs web i aplicacions per a dispositius mòbils del sector públic.</p>
<p>Aquesta declaració d&#8217;accessibilitat s&#8217;aplica a aquest lloc web.</p>
<h2>Situació de compliment</h2>
<p>Aquest lloc web és plenament conforme amb el RD 1112/2018.</p>
<h2>Contingut no accessible</h2>
<p>El contingut que es recull a continuació no és accessible pel següent:</p>
<p><strong>Manca de conformitat amb el RD 1112/2018</strong></p>
<p>Es poden trobar encara nidaments incorrectes d&#8217;etiquetes.</p>
<p>Podrien haver-hi errors puntuals d&#8217;edició a la pàgina web.</p>
<p><strong>Càrrega desproporcionada</strong></p>
<p>No s&#8217;aplica.</p>
<h2>Preparació d&#8217;aquesta declaració d&#8217;accessibilitat</h2>
<p>Aquesta declaració ha estat preparada el 05 de maig de 2023.</p>
<p>El mètode emprat per preparar la declaració ha estat una autoavaluació duta a terme per la pròpia empresa.</p>
<h2>Observacions i dades de contacte</h2>
<p>Podeu realitzar comunicacions sobre requisits d&#8217;accessibilitat (article 10.2.a) del RD 1112/2018) com per exemple:</p>
<ul>
<li>Informar sobre qualsevol possible incompliment per part d’aquest lloc web.</li>
<li>Transmetre altres dificultats per accedir al contingut.</li>
<li>Formular qualsevol altra consulta o suggeriment de millora relativa a l’accessibilitat del lloc web.</li>
</ul>
<p>A través del nostre formulari de contacte, per telèfon o de manera presencial a la nostra seu.</p>
<p>Les comunicacions, les queixes i les sol·licituds d&#8217;informació accessibles seran rebudes i tractades pel nostre equip.</p>
</div></section></div>

<!-- This site is optimized with the Yoast SEO plugin v25.3 - https://yoast.com/wordpress/plugins/seo/ -->
<title>Declaració d’accessibilitat - Art and Jurif</title>
<meta name="robots" content="index, follow, max-snippet:-1, max-image-preview:large, max-video-preview:-1" />
<link rel="canonical" href="https://artandjurif.com/ca/declaracio-daccessibilitat/" />
<meta property="og:locale" content="ca_ES" />
<meta property="og:type" content="article" />
<meta property="og:title" content="Declaració d’accessibilitat - Art and Jurif" />
<meta property="og:url" content="https://artandjurif.com/ca/declaracio-daccessibilitat/" />
<meta property="og:site_name" content="Art and Jurif" />
<meta property="article:modified_time" content="2023-10-30T10:21:35+00:00" />
<meta name="twitter:card" content="summary_large_image" />
<meta name="twitter:label1" content="Temps estimat de lectura" />
	<meta name="twitter:data1" content="2 minuts" />
<script type="application/ld+json" class="yoast-schema-graph">{"@context":"https://schema.org","@graph":[{"@type":"WebPage","@id":"https://artandjurif.com/ca/declaracio-daccessibilitat/","url":"https://artandjurif.com/ca/declaracio-daccessibilitat/","name":"Declaració d’accessibilitat - Art and Jurif","isPartOf":{"@id":"https://artandjurif.com/#website"},"datePublished":"2023-10-30T10:21:34+00:00","dateModified":"2023-10-30T10:21:35+00:00","breadcrumb":{"@id":"https://artandjurif.com/ca/declaracio-daccessibilitat/#breadcrumb"},"inLanguage":"ca","potentialAction":[{"@type":"ReadAction","target":["https://artandjurif.com/ca/declaracio-daccessibilitat/"]}]},{"@type":"BreadcrumbList","@id":"https://artandjurif.com/ca/declaracio-daccessibilitat/#breadcrumb","itemListElement":[{"@type":"ListItem","position":1,"name":"Inici","item":"https://artandjurif.com/ca/inici/"},{"@type":"ListItem","position":2,"name":"Declaració d’accessibilitat"}]},{"@type":"WebSite","@id":"https://artandjurif.com/#website","url":"https://artandjurif.com/","name":"Art and Jurif","description":"Agencia y asesoría legal para artistas y productoras","potentialAction":[{"@type":"SearchAction","target":{"@type":"EntryPoint","urlTemplate":"https://artandjurif.com/?s={search_term_string}"},"query-input":{"@type":"PropertyValueSpecification","valueRequired":true,"valueName":"search_term_string"}}],"inLanguage":"ca"}]}</script>
<!-- / Yoast SEO plugin. -->

Declaració d’accessibilitat - Art and Jurif

Agencia y asesoría legal para artistas y productoras
